{"id":14,"date":"2015-06-09T12:50:55","date_gmt":"2015-06-09T10:50:55","guid":{"rendered":"http:\/\/www.cdmy.org\/?page_id=14"},"modified":"2026-02-21T10:55:01","modified_gmt":"2026-02-21T09:55:01","slug":"onglet-2","status":"publish","type":"page","link":"https:\/\/www.cdmy.org\/?page_id=14","title":{"rendered":"\u00c0 propos de"},"content":{"rendered":"<h5>[<a href=\"https:\/\/www.cdmy.org\/?page_id=891\">\u0627\u0644\u0639\u0631\u0628\u064a\u0629<\/a>][<a href=\"https:\/\/www.cdmy.org\/?page_id=57\">English<\/a>]<\/h5>\n<h3>Historique<\/h3>\n<p>Les <em><strong>Chroniques du manuscrit au Y\u00e9men<\/strong><\/em> (<em>CmY<\/em>), revue ind\u00e9pendante n\u00e9e en terre y\u00e9m\u00e9nite, ont \u00e9t\u00e9 cr\u00e9\u00e9es fin 2005 par Anne Regourd.<br \/>\nEn 2015, elles deviennent <strong><em>Chroniques du manuscrit au Y\u00e9men<\/em> Nouvelles s\u00e9ries<\/strong> (<em>CmY<\/em> Nouvelles s\u00e9ries), une revue \u00e0 comit\u00e9 de lecture et \u00e0 relecture externe en double-aveugle.<\/p>\n<p style=\"padding-left: 40px;\">Elles sont l\u2019organe de l\u2019association Chronique du manuscrit au Y\u00e9men, de statut l\u00e9gal loi 1901,\u00a0n\u00b0\u00a0W751230933.<\/p>\n<p>En 2020, sont cr\u00e9\u00e9es les <em><strong>Nouvelles Chroniques du manuscrit au Y\u00e9men<\/strong><\/em> (<em>nCmY<\/em>) dans le m\u00eame cadre l\u00e9gal.<\/p>\n<p>ISSN 2727-5221<\/p>\n<h3>Soutien d\u2019institution scientifique<\/h3>\n<p>Depuis 2015\u00a0: Genizah Research Unit, University of Cambridge.<\/p>\n<h3>Acc\u00e8s aux num\u00e9ros<\/h3>\n<p><em><strong>CmY<\/strong><\/em> 1-18\/2006-2014, en version html, <a href=\"https:\/\/journals.openedition.org\/cmy\/?lang=fr\">https:\/\/cmy.revues.org<\/a><br \/>\n<em><strong>CmY<\/strong><\/em> Nouvelles s\u00e9ries 0\/19-9\/28, 2015-2019, en version PDF sur le site <a href=\"https:\/\/www.cdmy.org\/?page_id=16\">https:\/\/www.cdmy.org\/<\/a><br \/>\n<strong><em>nCmY<\/em><\/strong>, 2020\u2014 10\/29 (janvier 2020)\u2014, en version PDF sur le site\u00a0<a href=\"https:\/\/www.cdmy.org\/?page_id=16\">https:\/\/www.cdmy.org\/<\/a><\/p>\n<h3>Organigramme<\/h3>\n<p>Directrice de la Publication :\u00a0<strong>Anne Regourd<\/strong><br \/>\nSecr\u00e9taire :\u00a0<strong>Sami Lagati<\/strong><\/p>\n<p style=\"padding-left: 40px;\">Contact \/ Secr\u00e9tariat :\u00a0<a href=\"mailto:secr.cmy@gmail.com\"><strong>secr.cmy@gmail.com<\/strong><\/a><\/p>\n<p>Comit\u00e9 &amp; Correspondants<\/p>\n<p style=\"padding-left: 40px;\"><a href=\"https:\/\/www.cdmy.org\/?page_id=186\">cliquer i<strong>ci<\/strong><\/a><\/p>\n<p>Site web et mise en ligne :\u00a0<strong>Peter Nix<\/strong>,\u00a0<a href=\"mailto:webmaster@cdmy.org\">webmaster@cdmy.org<\/a><br \/>\nTypographe\u00a0: <strong>Eug\u00e9nie de Marsay<\/strong><\/p>\n<h3>Processus \u00e9ditorial &amp; feuille de style<\/h3>\n<p>Le processus \u00e9ditorial, de la soumission d\u2019un article \u00e0 sa publication, sont d\u00e9crits dans la feuille de style.<\/p>\n<p>Feuille de style (fran\u00e7ais) <a href=\"https:\/\/www.cdmy.org\/docs\/NS_CmY_FeuilleDeStyle.pdf\">.pdf<\/a><br \/>\nStyle sheet (anglais) \u00a0\u00a0<a href=\"https:\/\/www.cdmy.org\/docs\/NS_CmY_StyleSheet.pdf\">.pdf<\/a><br \/>\n\u062a\u0639\u0644\u064a\u0645\u0627\u062a \u0627\u0644\u0646\u0634\u0631 \u0644\u0644\u0645\u0642\u0627\u0644\u0627\u062a (arabe)\u00a0<a href=\"https:\/\/www.cdmy.org\/docs\/NS_CmY_FeuilleDeStyle_ARABE.pdf\">.pdf<\/a><\/p>\n<p>Les opinions \u00e9mises dans les articles de la revue n\u2019engagent que la responsabilit\u00e9 de leur(s) auteur(s).\u00a0Toute repr\u00e9sentation ou reproduction, int\u00e9grale ou partielle, faite sans le consentement de l\u2019auteur, ou de ses ayants-droit, ou ayants-cause, est illicite\u00a0; il en est de m\u00eame pour la traduction, l\u2019adaptation ou la transformation, l\u2019arrangement ou la reproduction, par un art ou un proc\u00e9d\u00e9 quelconque (loi n\u00b0 92-597 du 1er juillet 1992, article L. 122-4).\u00a0Cette repr\u00e9sentation ou reproduction, par quelque proc\u00e9d\u00e9 que ce soit, constituerait une contrefa\u00e7on sanctionn\u00e9e par les articles 425 et suivants du Code p\u00e9nal.\u00a0La loi n\u00b0 92-597 du 1er juillet 1992 n\u2019autorise, aux termes des alin\u00e9as 2, 3.a-b, 4 de l\u2019article L. 122-4, que les copies ou reproductions strictement r\u00e9serv\u00e9es \u00e0 l\u2019usage priv\u00e9 du copiste et non destin\u00e9es \u00e0 une utilisation collective, d\u2019une part, et, d\u2019autre part, sous r\u00e9serve que soient indiqu\u00e9s clairement le nom de l\u2019auteur et la source, que les analyses et courtes citations dans un but d\u2019exemple et d\u2019illustrations, les revues de presse, enfin, la parodie, le pastiche et la caricature, compte tenu des lois du genre.<br \/>\n2021<\/p>\n","protected":false},"excerpt":{"rendered":"<p>[\u0627\u0644\u0639\u0631\u0628\u064a\u0629][English] Historique Les Chroniques du manuscrit au Y\u00e9men (CmY), revue ind\u00e9pendante n\u00e9e en terre y\u00e9m\u00e9nite, ont \u00e9t\u00e9 cr\u00e9\u00e9es fin 2005 par Anne Regourd. En 2015, elles deviennent Chroniques du manuscrit au Y\u00e9men Nouvelles s\u00e9ries (CmY Nouvelles s\u00e9ries), une revue \u00e0 comit\u00e9 de lecture et \u00e0 relecture externe en double-aveugle. Elles sont l\u2019organe de l\u2019association Chronique<\/p>\n<p><a class=\"read-more\" href=\"https:\/\/www.cdmy.org\/?page_id=14\">Read More<\/a><\/p>\n","protected":false},"author":1,"featured_media":0,"parent":0,"menu_order":0,"comment_status":"closed","ping_status":"closed","template":"","meta":{"footnotes":""},"class_list":["post-14","page","type-page","status-publish","hentry"],"_links":{"self":[{"href":"https:\/\/www.cdmy.org\/index.php?rest_route=\/wp\/v2\/pages\/14","targetHints":{"allow":["GET"]}}],"collection":[{"href":"https:\/\/www.cdmy.org\/index.php?rest_route=\/wp\/v2\/pages"}],"about":[{"href":"https:\/\/www.cdmy.org\/index.php?rest_route=\/wp\/v2\/types\/page"}],"author":[{"embeddable":true,"href":"https:\/\/www.cdmy.org\/index.php?rest_route=\/wp\/v2\/users\/1"}],"replies":[{"embeddable":true,"href":"https:\/\/www.cdmy.org\/index.php?rest_route=%2Fwp%2Fv2%2Fcomments&post=14"}],"version-history":[{"count":57,"href":"https:\/\/www.cdmy.org\/index.php?rest_route=\/wp\/v2\/pages\/14\/revisions"}],"predecessor-version":[{"id":1328,"href":"https:\/\/www.cdmy.org\/index.php?rest_route=\/wp\/v2\/pages\/14\/revisions\/1328"}],"wp:attachment":[{"href":"https:\/\/www.cdmy.org\/index.php?rest_route=%2Fwp%2Fv2%2Fmedia&parent=14"}],"curies":[{"name":"wp","href":"https:\/\/api.w.org\/{rel}","templated":true}]}}