{"id":554,"date":"2020-02-01T18:44:16","date_gmt":"2020-02-01T17:44:16","guid":{"rendered":"http:\/\/www.cdmy.org\/?page_id=554"},"modified":"2025-11-26T00:59:40","modified_gmt":"2025-11-25T23:59:40","slug":"alumnus","status":"publish","type":"page","link":"https:\/\/www.cdmy.org\/?page_id=554","title":{"rendered":"Alumni"},"content":{"rendered":"<p>On this page we record the people whose enduring efforts over so many years have done so much to ensure that the <em>nCmY<\/em> has flourished for so long.<\/p>\n<p>As an independent journal established by association loi 1901, the <em>nCmY<\/em> has benefitted from the work of scholars around the world.<\/p>\n<p>We thank them all.<\/p>\n<h4><a name=\"thiele2019\"><\/a>Jan Thiele<\/h4>\n<p>In 2014, Jan Thiele, who was then Research Fellow at Centro de Ciencias Humanas y Sociales (CCHS), Consejo Superior de Investigaciones Cient\u00edficas (CSIC), Madrid, joined the <em>CmY<\/em> as member of the Editorial Committee. He was involved in the preparation of issues 19 (old series) to 9\/28 and in the Special issues 1 and 2, and he retired from the <em>CmY<\/em> in 2019. He was then promoted Editor-in-Chief of the journal <a href=\"https:\/\/brill.com\/view\/journals\/ihiw\/ihiw-overview.xml\"><em>Intellectual History of the Islamicate World<\/em><\/a>, published by Brill.<\/p>\n<p>Jan Thiele\u2019s work focuses on rational theology and its manuscript heritage. His publications include <em>Theologie in der jemenitischen Zaydiyya<\/em> (Brill, 2013). See <a href=\"https:\/\/orcid.org\/0000-0002-8865-5997\">https:\/\/orcid.org\/0000-0002-8865-5997<\/a><br \/>\n<a href=\"http:\/\/ilc.csic.es\/es\/personal\/jan.thiele\">http:\/\/ilc.csic.es\/es\/personal\/jan.thiele\u00a0<\/a><\/p>\n<h4><a name=\"yosefi\"><\/a>Maxim Yosefi<\/h4>\n<div id=\"attachment_562\" style=\"width: 160px\" class=\"wp-caption alignnone\"><a href=\"https:\/\/www.cdmy.org\/cmywp\/wp-content\/uploads\/2020\/02\/257717452_295136.jpg\"><img loading=\"lazy\" decoding=\"async\" aria-describedby=\"caption-attachment-562\" class=\"size-thumbnail wp-image-562\" src=\"https:\/\/www.cdmy.org\/cmywp\/wp-content\/uploads\/2020\/02\/257717452_295136-150x150.jpg\" alt=\"Maxim Yosefi\" width=\"150\" height=\"150\" srcset=\"https:\/\/www.cdmy.org\/cmywp\/wp-content\/uploads\/2020\/02\/257717452_295136-150x150.jpg 150w, https:\/\/www.cdmy.org\/cmywp\/wp-content\/uploads\/2020\/02\/257717452_295136-300x300.jpg 300w, https:\/\/www.cdmy.org\/cmywp\/wp-content\/uploads\/2020\/02\/257717452_295136.jpg 640w\" sizes=\"auto, (max-width: 150px) 100vw, 150px\" \/><\/a><p id=\"caption-attachment-562\" class=\"wp-caption-text\">Maxim Yosefi<\/p><\/div>\n<p>Maxim Yosefi, research fellow at the Seminar for Arabic and Islamic Studies of the University of G\u00f6ttingen, started contributing to <em>CmY<\/em> in 2017. Apart from critical reviews (in issues 5\/24 and 8\/27) and a full-length article of his own (in issue 6\/25), he prepared revised, edited and annotated English translations of the catalogues by A. Khalidov (1979) and V. Belyaev (1947), published in issues 7\/26 and 10\/29. He was also responsible for reviews of Arabic press in issues 6\/25-9\/28. Maxim Yosefi\u2019s research interests include classical and tribal Arabic poetry, ethnography of the text, and the influence of Islamic and pre-Islamic ethical concepts on poets.<\/p>\n<h4><a name=\"lopez2022\"><\/a>Adday Hern\u00e1ndez L\u00f3pez<\/h4>\n<div id=\"attachment_1013\" style=\"width: 160px\" class=\"wp-caption alignnone\"><a href=\"https:\/\/www.cdmy.org\/cmywp\/wp-content\/uploads\/2023\/11\/s200_adday.hern_ndez_l_pez.jpg\"><img loading=\"lazy\" decoding=\"async\" aria-describedby=\"caption-attachment-1013\" class=\"wp-image-1013 size-thumbnail\" src=\"https:\/\/www.cdmy.org\/cmywp\/wp-content\/uploads\/2023\/11\/s200_adday.hern_ndez_l_pez-150x150.jpg\" alt=\"Adday Hern\u00e1ndez L\u00f3pez\" width=\"150\" height=\"150\" srcset=\"https:\/\/www.cdmy.org\/cmywp\/wp-content\/uploads\/2023\/11\/s200_adday.hern_ndez_l_pez-150x150.jpg 150w, https:\/\/www.cdmy.org\/cmywp\/wp-content\/uploads\/2023\/11\/s200_adday.hern_ndez_l_pez.jpg 200w\" sizes=\"auto, (max-width: 150px) 100vw, 150px\" \/><\/a><p id=\"caption-attachment-1013\" class=\"wp-caption-text\">Adday Hern\u00e1ndez L\u00f3pez<\/p><\/div>\n<p>Adday Hern\u00e1ndez L\u00f3pez was a member of the Editorial Committee for 6 issues of the <em>nCmY<\/em> \u2014 from issue 10\/29 (January 2020) to issue 15\/34 (July 2022).<\/p>\n<p>Adday Hern\u00e1ndez L\u00f3pez is a scholar specialising in Islamic law in the premodern Islamic West, in the intellectual history in the same area and in the Arabic literature of the Horn of Africa. She has retired from the <em>nCmY<\/em> to become a tenured researcher at the Institute of Languages and Cultures of the Mediterranean, CSIC (ILC), Madrid, where she had been a postdoctoral researcher. She has contributed to three research projects, has been awarded several prizes and scholarships, published works and articles in English and Spanish as a sole author and in co-authorship. She remains the deputy director of the Journal <a href=\"https:\/\/ibersaf.es\/revista-hesperia\/\"><em>Hesperia: Culturas del Mediterr\u00e1neo<\/em><\/a> and secretary of the journal <a href=\"https:\/\/revistas.ucm.es\/index.php\/anqe\"><em>Anaquel de Estudios \u00c1rabes<\/em>.<\/a><\/p>\n<h4><a name=\"ansari2025\"><\/a>Hassan Farhang Ansari<\/h4>\n<div id=\"attachment_1238\" style=\"width: 160px\" class=\"wp-caption alignnone\"><a href=\"https:\/\/www.cdmy.org\/cmywp\/wp-content\/uploads\/2025\/11\/x8yrwX.jpeg\"><img loading=\"lazy\" decoding=\"async\" aria-describedby=\"caption-attachment-1238\" class=\"size-thumbnail wp-image-1238\" src=\"https:\/\/www.cdmy.org\/cmywp\/wp-content\/uploads\/2025\/11\/x8yrwX-150x150.jpeg\" alt=\"Hassan Farhang Ansari,\" width=\"150\" height=\"150\" srcset=\"https:\/\/www.cdmy.org\/cmywp\/wp-content\/uploads\/2025\/11\/x8yrwX-150x150.jpeg 150w, https:\/\/www.cdmy.org\/cmywp\/wp-content\/uploads\/2025\/11\/x8yrwX.jpeg 200w\" sizes=\"auto, (max-width: 150px) 100vw, 150px\" \/><\/a><p id=\"caption-attachment-1238\" class=\"wp-caption-text\">Hassan Farhang Ansari<\/p><\/div>\n<p>Hassan Farhang Ansari, Institute for Advanced Study (IAS), Islamic Law and Theology, Princeton, specialises in Islamic theology, philosophy, law, and legal theory, focusing on Zaidi texts. He was a member of the Reading Committee of <em>CmY<\/em>, then <em>nCmY<\/em>, from 2015 to 2025.<\/p>\n<p>Among his innumerable publications in Persian, French and English, let us single out here his two contributions to the Journal; \u201cUn texte sur la controverse entre les Mu\u02bftazilites et les Sunnites concernant un musulman qui commet un grand p\u00e9ch\u00e9 et qui meurt sans s\u2019\u00eatre repenti, compos\u00e9 par \u02bfAl\u012b b. N\u0101\u1e63ir al-\u01e6\u012bl\u0101n\u012b al-L\u0101hi\u01e7\u0101n\u012b (probablement un savant de la fin du viie\/xiiie s.)\u201d,\u00a0<a href=\"https:\/\/www.cdmy.org\/cmy\/cmy20.pdf\"><em>CmY<\/em>, New series 1\/20, July 2015, pp. 33\u201356<\/a>; with Mostafa Ahmadi (Independent Researcher) &amp;\u00a0<a href=\"#thiele2019\">Jan Thiele<\/a> (ILC-CCHS, CSIC, Madrid); \u201c\u2019The New Methods\u2019 (<em>Al-\u1e6dar\u0101\u02beiq al-musta\u1e25da\u1e6fa<\/em>) by al-Hasan al-Ra\u1e63\u1e63\u0101\u1e63: <em>Editio Princeps<\/em> of a Treatise on Miscellaneaous Theological Topics\u201d, <a href=\"https:\/\/www.cdmy.org\/cmy\/cmy30.pdf\"><em>nCmY<\/em> 11\/30, July 2020, pp. 76\u2013106<\/a>.<\/p>\n<p>&nbsp;<\/p>\n<h4><a name=\"bang2025\"><\/a>Anne Katrine Bang<\/h4>\n<div id=\"attachment_1239\" style=\"width: 160px\" class=\"wp-caption alignnone\"><a href=\"https:\/\/www.cdmy.org\/cmywp\/wp-content\/uploads\/2025\/11\/ftGazY.jpeg\"><img loading=\"lazy\" decoding=\"async\" aria-describedby=\"caption-attachment-1239\" class=\"size-thumbnail wp-image-1239\" src=\"https:\/\/www.cdmy.org\/cmywp\/wp-content\/uploads\/2025\/11\/ftGazY-150x150.jpeg\" alt=\"Anne Katrine Bang\" width=\"150\" height=\"150\" \/><\/a><p id=\"caption-attachment-1239\" class=\"wp-caption-text\">Anne Katrine Bang<\/p><\/div>\n<p>Prof. Anne Katrine Bang,\u00a0Department of Archaeology, History, Cultural Studies and Religion, University of Bergen (Norway), joined the <em>CmY<\/em>, now <em>nCmY<\/em>, in 2015 as a member of the Reading Committee.\u00a0She works on various forms of religious change in the Western Indian Ocean in the 19th and 20th centuries. Besides this, she sets up projects to make available new sources for this history, through mapping and digitising of primary Arabic textual material, and has started projects to digitise and conserve the manuscripts and texts in coastal East Africa which are in private ownership and in danger of environmental degradation (Riyadha Mosque in Kenya; The Maalim Idris Collection, Zanzibar).<\/p>\n<p>She retired from <em>nCmY<\/em> in 2025. Among her notable publications, are: \u201cMy generation. Umar b. Ahmad b. Sumayt (1886\u20131973): Inter-generational Network transmission in a trans-oceanic Hadram\u0131 Alaw\u0131 family, ca. 1925-1973\u201d, in: Leif Manger &amp; Munzoul A.M. Assal, <em>Diasporas within and without Africa: dynamism, heterogeneity, variation<\/em>, Uppsala, Nordiska Afrikainstitutet, 2006; <em>Islamic Sufi Networks in the Western Indian Ocean<\/em> (<em>c.\u00a01880\u20131940<\/em>). <em>Ripples of Reform<\/em>, Leiden, Brill, ser. \u201cIslam in Africa\u201d, 16, 2014.\u00a0She also contributed an article, \u201cThe Riyadha Mosque Manuscript Collection in Lamu: A \u1e24a\u1e0dram\u012b Tradition in Kenya\u201d, pp. 125\u2013153, to the Special Issue \u201cManuscripts in Transit: The case of Yemen\u201d of the<a href=\"https:\/\/brill.com\/view\/journals\/jim\/5\/2-3\/jim.5.issue-2-3.xml?language=en\">\u00a0<em>Journal of Islamic Manuscripts<\/em>\u00a05\/2\u20133, 2014<\/a>,\u00a0which\u00a0Anne Regourd\u00a0guest-edited.<\/p>\n<h4><a name=\"bella2025\"><\/a>Marco di Bella<\/h4>\n<div id=\"attachment_1240\" style=\"width: 160px\" class=\"wp-caption alignnone\"><a href=\"https:\/\/www.cdmy.org\/cmywp\/wp-content\/uploads\/2025\/11\/JQlvA5.jpeg\"><img loading=\"lazy\" decoding=\"async\" aria-describedby=\"caption-attachment-1240\" class=\"size-thumbnail wp-image-1240\" src=\"https:\/\/www.cdmy.org\/cmywp\/wp-content\/uploads\/2025\/11\/JQlvA5-150x150.jpeg\" alt=\"Marco di Bella\" width=\"150\" height=\"150\" srcset=\"https:\/\/www.cdmy.org\/cmywp\/wp-content\/uploads\/2025\/11\/JQlvA5-150x150.jpeg 150w, https:\/\/www.cdmy.org\/cmywp\/wp-content\/uploads\/2025\/11\/JQlvA5.jpeg 200w\" sizes=\"auto, (max-width: 150px) 100vw, 150px\" \/><\/a><p id=\"caption-attachment-1240\" class=\"wp-caption-text\">Marco di Bella<\/p><\/div>\n<p>Marco di Bella is a Book and Manuscript conservator, who joined <em>CmY<\/em>, now <em>nCmY<\/em>, as a member of the Reading Committee in 2015, and stayed until 2025.\u00a0He worked first as a freelance conservator, dealing with various manuscripts collections in Europe and elsewhere, often on behalf of Unesco, and went on to be appointed Conservator at the Italian Ministry of Culture in 2024. In the 2010s, he conducted a very successful course of training in manuscript conservation at the D\u0101r al-Ma\u1e2b\u1e6d\u016b\u1e6d\u0101t in Sanaa. He contributed to the news of the Journal. He has several publications, notably:<\/p>\n<p>\u201cAn attempt at reconstruction of early Islamic bookbinding: The box binding\u201d, in: Michael J. Driscoll (ed.), <a href=\"https:\/\/www.mtp.dk\/details.asp?ELN=203257\"><em>Care and Conservation of Manuscripts<\/em>, vol. 12, Copenhagen, Museum Tusculanum Press, University of Copenhagen, 2011, pp. 99\u2013116<\/a>. He retired from <em>nCmY<\/em> in 2025.<\/p>\n<h4><a name=\"fahid2025\"><\/a>Deborah Freeman Fahid<\/h4>\n<div id=\"attachment_1241\" style=\"width: 160px\" class=\"wp-caption alignnone\"><a href=\"https:\/\/www.cdmy.org\/cmywp\/wp-content\/uploads\/2025\/11\/qSAstz.jpeg\"><img loading=\"lazy\" decoding=\"async\" aria-describedby=\"caption-attachment-1241\" class=\"size-thumbnail wp-image-1241\" src=\"https:\/\/www.cdmy.org\/cmywp\/wp-content\/uploads\/2025\/11\/qSAstz-150x150.jpeg\" alt=\"Deborah Freeman Fahid\" width=\"150\" height=\"150\" srcset=\"https:\/\/www.cdmy.org\/cmywp\/wp-content\/uploads\/2025\/11\/qSAstz-150x150.jpeg 150w, https:\/\/www.cdmy.org\/cmywp\/wp-content\/uploads\/2025\/11\/qSAstz.jpeg 200w\" sizes=\"auto, (max-width: 150px) 100vw, 150px\" \/><\/a><p id=\"caption-attachment-1241\" class=\"wp-caption-text\">Deborah Freeman Fahid<\/p><\/div>\n<p>Deborah Freeman Fahid is an independent scholar, and former assistant curator and head of publications at The al-Sabah Collection, Dar al-Athar al-Islamiyyah, Kuwait. She has worked in the field of Islamic art since 1995, when she was responsible for Islamic manuscripts and works on paper at Christie\u2019s, King Street, London. From 2015 to 2025, she was a member of the Reading committee of the <em>CmY<\/em>, then <em>nCmY<\/em>, and of the Correspondents\u2019 journal. She contributed to the News section of some of the journal issues. She is the author of several books, among them, <em>Splendors of the Ancient East: Antiquities from The al-Sabah<\/em> Collection, London, Thames &amp; Hudson, 2013; <em>Chess and Other Games Pieces from Islamic Lands<\/em>, London, Thames &amp; Hudson, ser. \u201cThe al-Sabah Collection\u201d, 2018.<\/p>\n<h4><a name=\"hirsch2025\"><\/a>David Gerald Hirsch<\/h4>\n<div id=\"attachment_1242\" style=\"width: 160px\" class=\"wp-caption alignnone\"><a href=\"https:\/\/www.cdmy.org\/cmywp\/wp-content\/uploads\/2025\/11\/jYEhnI.jpeg\"><img loading=\"lazy\" decoding=\"async\" aria-describedby=\"caption-attachment-1242\" class=\"size-thumbnail wp-image-1242\" src=\"https:\/\/www.cdmy.org\/cmywp\/wp-content\/uploads\/2025\/11\/jYEhnI-150x150.jpeg\" alt=\"David Gerald Hirsch\" width=\"150\" height=\"150\" \/><\/a><p id=\"caption-attachment-1242\" class=\"wp-caption-text\">David Gerald Hirsch<\/p><\/div>\n<p>David Hirsch, is well-known to librarians around the world, and became the President of the Middle East Librarians Association (MELA) from 2011 to 2012. He was the 2016 recipient of the Annual David H. Partington Award (MELA) together with Roberta L. Dougherty (University of Yale).\u00a0For much of his life, from 1989 to 2018, he was Chief Librarian for Jewish, Middle Eastern, Central Asian, South Asian and Armenian Studies at the University of California-Los Angeles (UCLA). When he retired, he became Advisor at Mohammed bin Rashid Library-Dubai (2018\u20132024). Meanwhile, from 2006 to 2012, he was a board member at The Islamic Manuscript Association (TIMA), then from 2009\u20132011, Chief Librarian at Abu Dhabi Authority for Culture and Heritage-National Library. From 2015 to 2025, he was a member of the Reading Committee of <em>CmY<\/em>, <em>nCmY<\/em>.<\/p>\n<p>David not only contributed to many roundtables, workshops and conferences,but also addressed a more general audience, at, for example:<a href=\"https:\/\/catalogue.bnf.fr\/ark:\/12148\/cb40113042h\"> \u201cHistoire de l\u2019imprim\u00e9 dans les langues et les pays du Moyen-Orient. 2\u201d, at the BnF, Paris, November 3 2005<\/a>, and <a href=\"https:\/\/www.researchgate.net\/publication\/256061672_Telling_Our_Story_Part_II_Cross-Dialogue_for_Strategies_to_Sustain_Area_Studies_-_Libraries_Archives_and_Scholarship\">\u201cTelling Our Story Part II: Cross-Dialogue for Strategies to Sustain Area Studies &#8211; Libraries, Archives and Scholarship\u201d, May 2013<\/a>.<\/p>\n<h4><a name=\"traboulsi2025\"><\/a>Samer Traboulsi<\/h4>\n<div id=\"attachment_1243\" style=\"width: 160px\" class=\"wp-caption alignnone\"><a href=\"https:\/\/www.cdmy.org\/cmywp\/wp-content\/uploads\/2025\/11\/aH6QGZ.jpeg\"><img loading=\"lazy\" decoding=\"async\" aria-describedby=\"caption-attachment-1243\" class=\"size-thumbnail wp-image-1243\" src=\"https:\/\/www.cdmy.org\/cmywp\/wp-content\/uploads\/2025\/11\/aH6QGZ-150x150.jpeg\" alt=\"Samer Traboulsi\" width=\"150\" height=\"150\" srcset=\"https:\/\/www.cdmy.org\/cmywp\/wp-content\/uploads\/2025\/11\/aH6QGZ-150x150.jpeg 150w, https:\/\/www.cdmy.org\/cmywp\/wp-content\/uploads\/2025\/11\/aH6QGZ-300x300.jpeg 300w, https:\/\/www.cdmy.org\/cmywp\/wp-content\/uploads\/2025\/11\/aH6QGZ.jpeg 500w\" sizes=\"auto, (max-width: 150px) 100vw, 150px\" \/><\/a><p id=\"caption-attachment-1243\" class=\"wp-caption-text\">Samer Traboulsi<\/p><\/div>\n<p>Samer Traboulsi, who teaches History of the pre-modern Middle East, Arabia, and Ismailism at the University of North-Carolina, Asheville (US), became a member of the Reading Committee of CmY, then nCmY, from 2015 to 2025.\u00a0He holds a Ph.D. from Princeton University, 2005. His specialisation in Ismaili Tayyibi yielded famous publications, among them: \u201cThe Queen was Actually a Man: Arwa\u02be bint A\u1e25mad and the Politics of Religion\u201d, <a href=\"https:\/\/brill.com\/view\/journals\/arab\/50\/1\/arab.50.issue-1.xml\"><em>Arabica<\/em> L (2003), pp. 96\u2013108<\/a>; \u00a0and \u201cSources for the History of the \u1e6cayyib\u012b Ism\u0101\u02bf\u012bl\u012b da\u02bfwa in Yemen and Its Relocation to India\u201d, in: Anne Regourd (special guest), <a href=\"https:\/\/brill.com\/view\/journals\/jim\/5\/2-3\/jim.5.issue-2-3.xml?language=en\">\u201cManuscripts in Transit: The case of Yemen\u201d, <em>Journal of Islamic Manuscripts<\/em> 5\/2\u20133, 2014, pp. 246\u2013274.<\/a><\/p>\n","protected":false},"excerpt":{"rendered":"<p>On this page we record the people whose enduring efforts over so many years have done so much to ensure that the nCmY has flourished for so long. As an independent journal established by association loi 1901, the nCmY has benefitted from the work of scholars around the world. We thank them all. Jan Thiele<\/p>\n<p><a class=\"read-more\" href=\"https:\/\/www.cdmy.org\/?page_id=554\">Read More<\/a><\/p>\n","protected":false},"author":1,"featured_media":0,"parent":0,"menu_order":0,"comment_status":"closed","ping_status":"closed","template":"","meta":{"footnotes":""},"class_list":["post-554","page","type-page","status-publish","hentry"],"_links":{"self":[{"href":"https:\/\/www.cdmy.org\/index.php?rest_route=\/wp\/v2\/pages\/554","targetHints":{"allow":["GET"]}}],"collection":[{"href":"https:\/\/www.cdmy.org\/index.php?rest_route=\/wp\/v2\/pages"}],"about":[{"href":"https:\/\/www.cdmy.org\/index.php?rest_route=\/wp\/v2\/types\/page"}],"author":[{"embeddable":true,"href":"https:\/\/www.cdmy.org\/index.php?rest_route=\/wp\/v2\/users\/1"}],"replies":[{"embeddable":true,"href":"https:\/\/www.cdmy.org\/index.php?rest_route=%2Fwp%2Fv2%2Fcomments&post=554"}],"version-history":[{"count":16,"href":"https:\/\/www.cdmy.org\/index.php?rest_route=\/wp\/v2\/pages\/554\/revisions"}],"predecessor-version":[{"id":1323,"href":"https:\/\/www.cdmy.org\/index.php?rest_route=\/wp\/v2\/pages\/554\/revisions\/1323"}],"wp:attachment":[{"href":"https:\/\/www.cdmy.org\/index.php?rest_route=%2Fwp%2Fv2%2Fmedia&parent=554"}],"curies":[{"name":"wp","href":"https:\/\/api.w.org\/{rel}","templated":true}]}}