{"id":728,"date":"2021-11-07T16:10:43","date_gmt":"2021-11-07T15:10:43","guid":{"rendered":"http:\/\/www.cdmy.org\/?page_id=728"},"modified":"2026-02-21T11:28:59","modified_gmt":"2026-02-21T10:28:59","slug":"resources","status":"publish","type":"page","link":"https:\/\/www.cdmy.org\/?page_id=728","title":{"rendered":"Ressources"},"content":{"rendered":"<p><a href=\"..\/?page_id=1112\">Les cartes de v\u0153ux \/ Greeting cards<\/a><\/p>\n<p><em>Forthcoming<\/em>: <a href=\"https:\/\/www.cdmy.org\/docs\/idx\/index_CmY_New_Series_0-9_19-28.pdf\">Index des\u00a0<i>CmY<\/i>,\u00a0New Series\u00a00\/19\u20139\/28<\/a> (.pdf)<br \/>\nTamon Baba, Adday Hernandez, Anne Regourd<\/p>\n<p><a href=\"https:\/\/www.cdmy.org\/docs\/idx\/Index_des_publications_recens\u00e9es.pdf\">Index des publications recens\u00e9es<\/a> (.pdf).<br \/>\nSami Lagati, Actualit\u00e9s, <em>CmY<\/em>, nouvelles s\u00e9ries\/New Series &amp; <em>nCmY<\/em><br \/>\nA cumulative index of the publications noticed in the Actualit\u00e9s of each issue of <em>CmY<\/em>, Nouvelles s\u00e9ries\/New Series 0\/19-9\/28, and <em>nCmy<\/em>.<\/p>\n<p><a href=\"https:\/\/www.cdmy.org\/docs\/idx\/index_Al-Aydarus_Fihris_Maktabat_al_Ahqaf_2009.pdf\">Fihris al-makh\u1e6d\u016b\u1e6d\u0101t al-yamaniyya li-Maktabat al-A\u1e25q\u0101f bi-Mu\u1e25\u0101fa\u1e93at \u1e24a\u1e0dramawt \u2013 al-\u01e6umh\u016briyya al-yamaniyya.<\/a> (.pdf)<br \/>\nTamon Baba, Sami Lagati &amp; Anne Regourd. Vol 1. (ISBN 978-2-9583063-0-4)<\/p>\n","protected":false},"excerpt":{"rendered":"<p>Les cartes de v\u0153ux \/ Greeting cards Forthcoming: Index des\u00a0CmY,\u00a0New Series\u00a00\/19\u20139\/28 (.pdf) Tamon Baba, Adday Hernandez, Anne Regourd Index des publications recens\u00e9es (.pdf). Sami Lagati, Actualit\u00e9s, CmY, nouvelles s\u00e9ries\/New Series &amp; nCmY A cumulative index of the publications noticed in the Actualit\u00e9s of each issue of CmY, Nouvelles s\u00e9ries\/New Series 0\/19-9\/28, and nCmy. Fihris al-makh\u1e6d\u016b\u1e6d\u0101t<\/p>\n<p><a class=\"read-more\" href=\"https:\/\/www.cdmy.org\/?page_id=728\">Read More<\/a><\/p>\n","protected":false},"author":1,"featured_media":0,"parent":0,"menu_order":0,"comment_status":"closed","ping_status":"closed","template":"","meta":{"footnotes":""},"class_list":["post-728","page","type-page","status-publish","hentry"],"_links":{"self":[{"href":"https:\/\/www.cdmy.org\/index.php?rest_route=\/wp\/v2\/pages\/728","targetHints":{"allow":["GET"]}}],"collection":[{"href":"https:\/\/www.cdmy.org\/index.php?rest_route=\/wp\/v2\/pages"}],"about":[{"href":"https:\/\/www.cdmy.org\/index.php?rest_route=\/wp\/v2\/types\/page"}],"author":[{"embeddable":true,"href":"https:\/\/www.cdmy.org\/index.php?rest_route=\/wp\/v2\/users\/1"}],"replies":[{"embeddable":true,"href":"https:\/\/www.cdmy.org\/index.php?rest_route=%2Fwp%2Fv2%2Fcomments&post=728"}],"version-history":[{"count":39,"href":"https:\/\/www.cdmy.org\/index.php?rest_route=\/wp\/v2\/pages\/728\/revisions"}],"predecessor-version":[{"id":1334,"href":"https:\/\/www.cdmy.org\/index.php?rest_route=\/wp\/v2\/pages\/728\/revisions\/1334"}],"wp:attachment":[{"href":"https:\/\/www.cdmy.org\/index.php?rest_route=%2Fwp%2Fv2%2Fmedia&parent=728"}],"curies":[{"name":"wp","href":"https:\/\/api.w.org\/{rel}","templated":true}]}}